17. Calculate d(6).
8
Let h(t) = -t**3 + 0*t**2 + 49 - 103 + 8*t + 5*t**2 + 46 + 0*t**2. Give h(6).
4
Let s(w) = -3*w**2 + 1554*w - 1568*w - 7 + 13*w**2 + 2*w**3. Let f be s(-6). Let a(k) = -k**3 + 4*k**2 + 6*k - 6. Calculate a(f).
-1
Suppose -1295*c + 179*c - 3941 = 12799. Let b(t) = 2*t**3 + 15*t**2 - 5 - 3 - t - t**3. What is b(c)?
7
Let g(p) = -p**2 + p + 13. Let n be 81/(-135)*25/3. Calculate g(n).
-17
Let i(a) = 6*a**2 - 62*a + 15. Let n be i(10). Let d(b) = 3*b - 1. Determine d(n).
-16
Let y(u) be the third derivative of -19*u**4/24 - 31*u**3 - 565*u**2. Calculate y(-10).
4
Let b = -1985 - -1986. Let m(l) = 5*l + 1. Determine m(b).
6
Let i(l) = -5*l - 53. Let r(j) = -2*j**3 - j**2 + 5*j - 1. Let v be r(2). Let t be i(v). Let s(b) = -b - b + 4*b**2 + 2*b**2. Give s(t).
20
Let j = 0 - 10. Let r be j/(-3)*(-18)/12. Let l(t) = 11 + 5*t - 4 + t**2 - 3 - 1 - 2. Determine l(r).
1
Let y be 0 + -2 + 3 + -3 + 3. Let k = y + -14. Let i = 16 + k. Let c(q) = q - 7. Give c(i).
-4
Suppose -5*b + 13*b - 4024 = 0. Let c(z) = 997 - b - 498 - z**2 + 7*z. Calculate c(5).
6
Let y(w) = 2 + 37*w - 5*w**2 + 40*w + 40*w - 115*w. Give y(-1).
-5
Suppose -25 = -285*h + 290*h. Let g(m) = 3 + 7 + 2 - 5*m - 23 + 5. Calculate g(h).
19
Let v(p) be the third derivative of p**4/8 + p**3/2 - 3*p**2 + 8980. Let c = -11 + 6. What is v(c)?
-12
Suppose 0 = -h - w + 9, -11*h = -8*h + w - 17. Let d(a) = 3*a - 5*a - 10 + 0*a + h*a. Determine d(9).
8
Let q(z) = 2*z**3 + 45*z**2 - 23*z + 22. Let w be q(-23). Suppose -w*j = -41*j - 76. Let n(u) = u - 5. Give n(j).
-9
Let r(y) = y**3 + 24*y**2 - 6*y + 3. Let f(g) = -4*g**3 - 71*g**2 + 16*g - 6. Let a(t) = 3*f(t) + 8*r(t). Calculate a(-6).
114
Let v be 1*(97 + -2) + 2. Let p(t) = 2*t**2 + 103*t + 6 - v*t - t**2. Give p(-8).
22
Let f(h) = h**2 - 3*h - 2. Let q(u) = -42*u - 332. Let x be q(-8). Suppose -5 = -4*k + 15. Let r be (0 - 5)/((k - x) + -2). Calculate f(r).
8
Let p(k) = -2*k - 19. Let b(z) = z**2 - 671*z + 4010. Let s be b(6). Give p(s).
-59
Suppose -4*w - 3*v = 5, -w + 3*v = -2*v + 30. Let m(a) = -5*a + 20. Calculate m(w).
45
Let q(c) = -6*c + 9. Let t be -11 - -4 - (-5)/(20/36). Give q(t).
-3
Let h(d) = -d**3 + 16*d**2 - 32*d + 58. Suppose 4*v - 64 = -2*r, 0 = 362*r - 366*r - v + 65. What is h(r)?
2
Let t(w) = -5*w - 18 + 20 + 9*w**2 - 21 - 11 + 42 - w**3. Calculate t(4).
72
Let c = 6690 + -6700. Let m(y) = -y**2 + 5*y + 17. Give m(c).
-133
Let i(n) = -n**3 - 6*n**2 - 2*n + 1. Let a(q) = 2 - 39*q**2 + 2 - 1 - 4. Let k be a(-1). Let l be 95/k + 6/16. Determine i(l).
-11
Let c be (-32)/(-15) + ((-2)/15 - 0). Let p(q) = -93 - c*q + 92 - q**2 - 9*q**3 + 14*q**3. Give p(-1).
-5
Let i = -497 - -497. Suppose i = 6*y - 3*y + 27. Let f(m) = -m**2 - 10*m - 3. Determine f(y).
6
Let k(u) = -12*u**2 + 46*u. Let r(q) = 19*q**2 - 70*q + 1. Let n(l) = 8*k(l) + 5*r(l). What is n(17)?
22
Let d(h) = -16*h**2 - 15*h - 17. Let q(r) = 5*r**2 + r. Let o(x) = -d(x) - 3*q(x). Let f = -67 - -57. Give o(f).
-3
Let q(o) = 6*o**2 + 6*o + 4. Let d be q(0). Let t(h) be the second derivative of -4/3*h**3 - 7/2*h**2 + 0 - 17*h - 1/12*h**d. Calculate t(-7).
0
Let l = 1325 - 1333. Let b(u) = 5*u + 49. Give b(l).
9
Let q(m) = 7*m**3 + 10*m**2 + m - 3. Let n(z) = 12*z**3 + 14*z**2 + 3*z - 5. Let a(t) = 3*n(t) - 5*q(t). What is a(7)?
-21
Let u(z) = -35*z - 224. Let b be u(-15). Let f = b - 294. Let m(k) = k**3 - 7*k**2 - 2*k - 2. What is m(f)?
-16
Let y = -89 + 127. Let i = -36 + y. Let h(w) = -w**3 + w**2 - w - 1. Give h(i).
-7
Let r(i) = -7*i**2 + 6 - 1557*i + 2 + 1566*i. What is r(-1)?
-8
Let i(v) be the first derivative of v**4/4 - 2*v**3/3 - 3*v**2 + 4*v - 18051. Let p be -2 + 5 - (0 - 0). What is i(p)?
-5
Let y = 1789 + -1774. Let l(d) be the second derivative of 0 + y*d - d**3 + 1/2*d**2 - 1/12*d**4. What is l(-5)?
6
Let j(i) be the second derivative of i**5/20 + 11*i**4/12 + 7*i**2 + 55*i. What is j(-11)?
14
Let y be (-36)/342 - 604*(-3)/(-114). Let k(h) = 6 - h + 2*h - 3 + 0. Determine k(y).
-13
Let s(q) = -18*q**2 + 15 + 53*q**2 - 14*q**2 - 4*q**2 - 34*q - 14*q**2. Calculate s(11).
4
Let r(a) = a**2 + 8*a. Let y(f) = 15 - 4*f + 2*f + 0*f. Let v be y(11). What is r(v)?
-7
Suppose 0 = 2*s - 3*b + 8, 5 - 21 = -4*b. Let i(a) = -2*a**3 - 11*a**2 + 6*a**3 - 3 + 14*a**2 - 10*a**s + 4*a - 3*a**3. Calculate i(6).
-15
Let v(j) = j**3 - j**2 - 7. Let n(l) = 19*l + 6*l - 22*l. Suppose 0 = 6*d - 2*d + 3*s, -2*d = -2*s. Let f be n(d). Determine v(f).
-7
Suppose -8*v - 16*v = 212 - 20. Let c(i) = -i**2 - 7*i - 2. Let u(s) = -2*s**2 - 14*s - 5. Let n(r) = 5*c(r) - 3*u(r). Calculate n(v).
13
Let m be 325/(-7) + 36/(-63). Let d = -151 - m. Let g be (-1)/4 - d/32. Let x(o) = o**2 - 2*o + 1. Give x(g).
4
Let d(c) = -c**3 + 58*c**2 + 118*c + 115. Suppose -4*t + 478 - 150 = 5*u, t - 7 = 0. Calculate d(u).
-5
Suppose -10*w - 4 + 4 = -2*w. Let b(m) = m**3 - 6*m**2 + m - 1. Let d(s) = -s**2 + 1. Let v(k) = -b(k) + 5*d(k). Give v(w).
6
Let p(a) = 1. Let x(b) = -3*b - 7. Let n(o) = p(o) + x(o). Let g(i) = 97*i + 870. Let w be g(-9). Let s(d) = 2*d + 3. Let y(k) = w*n(k) - 5*s(k). Give y(5).
-2
Let t = 165 + -110. Suppose -5*d + t = s - 0*s, 3*s = 2*d + 114. Let f be (18/15)/(8/s). Let p(n) = -n**2 + 4*n + 8. Give p(f).
-4
Let n(z) = -21*z + 498. Let h(u) = u - 21. Let w(k) = -24*h(k) - n(k). Give w(-5).
21
Let l(x) = x**3 + 4*x**2 - 4*x + 8. Suppose -186 = 20*j + 20*j - 9*j. Give l(j).
-40
Let r(q) = 2*q**2 + 4*q - 1. Let a be 4/6*(-70 + 4). Let v = 46 + a. Let x be (-72)/(-48) - 9/v. Calculate r(x).
5
Let j(q) be the third derivative of 2/3*q**3 - 16*q + 0 - 1/3*q**4 + 1/60*q**5 + 3*q**2. Determine j(5).
-11
Let t be 3/((10/(-99))/10). Let g = -299 - t. Let x(n) = -6*n**3 - 4*n**2 - 3*n. Calculate x(g).
38
Let d(b) be the third derivative of 0*b - 39*b**2 + 2/3*b**3 + 1/60*b**5 + 0 + 5/24*b**4. Let o = -34 - -31. What is d(o)?
-2
Let p(m) = m + 13. Let w(k) = 5*k**3 - 73*k + 75. Let t be w(1). Calculate p(t).
20
Let v(i) be the second derivative of i**5/20 - i**4/4 - i**3/3 + 2*i**2 + 3*i. Let f = 9857 + -9860. Give v(f).
-44
Let m(u) = -2*u**3 - 22*u**2 - 13*u - 140. Let l be m(-11). Let g(o) = -o**2 + 33 - l*o - 4*o - 37 + 0*o**2. Calculate g(-6).
2
Suppose 1 = 4*t - 4*f + 33, -5*f + 4 = t. Let c(y) = y**2 + 14*y + 57. Give c(t).
9
Suppose 259*s = 266*s - 49. Let z(y) = 13*y**2 - 23*y**2 + 2*y**2 - 3 + s*y**2 + 10*y. Let c(a) = -a + 2. Let j be c(-5). Determine z(j).
18
Let g(d) = -12 - 4 - 7 + 2 - d. Let j(y) = 4*y - 28. Let z be j(7). Calculate g(z).
-21
Let o(h) = -24*h - 5. Let a(k) = -11*k - 2. Let b = -2 + -1. Let d(s) = b*o(s) + 7*a(s). What is d(-2)?
11
Let t(k) = -k**3 - 2*k**2 + 10*k + 2. Let x be t(-4). Let i(v) = 4 + 30*v - 3 + 18 - 26*v. Give i(x).
-5
Suppose 3*o = 21, -4*o + 3775 = -3*w + 3774. Let k(t) = -4 + 0*t + t**2 + 0*t**2 - 9*t. What is k(w)?
-4
Let w(z) = 5*z + 52. Let o be w(-10). Let f(r) = -r**o + 0 - 3 - 313*r + 311*r + 2. Suppose -a + 1 = -2*a. What is f(a)?
0
Let z(c) = c - 17. Suppose -2*i = 5*f - 6*f - 473, f = -i - 458. Let y = -452 - f. Calculate z(y).
-6
Let d(z) = -z**3 - 5*z**2 + z - 31. Let a be d(-6). Let y(b) be the second derivative of 13*b**5/20 + b**3/3 + b**2/2 + 55*b. What is y(a)?
-14
Suppose -5*x + 18 = 2*k, 41*k - 8 = 40*k - 2*x. Let r(y) = 3*y - 12. Determine r(k).
0
Let s(x) = 4 + x - 4 + x**2 - x**3 - 10. Let a(v) = 2*v**2 - 23*v + 37. Let p be a(10). Suppose -6*u - p*u = -20*u. Determine s(u).
-10
Let b(g) = -2*g. Let y(d) = d**2 - 11*d - 82. Let x be ((-6)/(-33) + (-850)/(-165))*3. Let v be y(x). Give b(v).
4
Let l(i) = i + 1 + 2*i**3 - 3*i**3 + 0*i + i**2. Let s(c) = 12*c - 28. Let m be s(3). Suppose 4*u + 5*h = 7, 0 = -4*u - 2*h - m + 18. Give l(u).
-14
Let p(k) be the first derivative of 3/2*k**2 - 2/3*k**3 + 2*k - 425. Let r = 1 - -3. Give p(r).
-18
Suppose 0 = 2*z - 3*z + 3. Let x(k) = -1 - 2*k**2 + 16*k - 13*k + k**z - 3*k**2. Let s = -504 - -507. What is x(s)?
-10
Let p(h) = 11*h**2 + 6*h - 20. Let c(f) = -9*f**2 - 6*f + 11. Let s(j) = 3*c(j) + 2*p(j). Determine s(-1).
-6
Let n(i) = i**2 - 6*i - 4. Let d(p) = 2*p**2 - 11*p - 7. Let l(r) = 6*d(r) - 11*n(r). Suppose 20*a - 2 = -2. Suppose -11*x + 2*x = a. Give l(x).
2
Suppose 29 - 12 = 17*s. Let y(b) = -b**3 + 3*b - 2. What is y(s)?
0
Let p(j) = 11*j**3 + 11*j - 13